ivide 9268?
True
Is 1114 a multiple of 34?
False
Does 7 divide 962?
False
Is 22 a multiple of 3?
False
Is 67 a factor of 6700?
True
Is 23 a factor of 343?
False
Does 33 divide 9484?
False
Is 5 a factor of 1290?
True
Is 42 a factor of 1488?
False
Does 9 divide 88909?
False
Does 27 divide 20169?
True
Is 10 a factor of 14050?
True
Is 5 a factor of 20530?
True
Is 387 a multiple of 13?
False
Is 25 a factor of 775?
True
Is 30323 a multiple of 37?
False
Does 21 divide 177?
False
Does 32 divide 381?
False
Is 61 a factor of 12295?
False
Is 9 a factor of 38235?
False
Is 2 a factor of 581?
False
Does 4 divide 13320?
True
Is 2848 a multiple of 32?
True
Does 55 divide 220?
True
Does 21 divide 4971?
False
Is 156 a multiple of 12?
True
Does 5 divide 21265?
True
Is 270 a multiple of 90?
True
Is 41925 a multiple of 19?
False
Is 132 a factor of 11935?
False
Is 13 a factor of 1378?
True
Is 38215 a multiple of 12?
False
Is 13 a factor of 4485?
True
Is 3819 a multiple of 19?
True
Is 273 a multiple of 13?
True
Is 58 a factor of 1463?
False
Is 16680 a multiple of 5?
True
Is 2848 a multiple of 5?
False
Is 132 a factor of 10546?
False
Is 15 a factor of 4446?
False
Is 5250 a multiple of 35?
True
Is 2876 a multiple of 35?
False
Does 139 divide 49510?
False
Is 573 a multiple of 39?
False
Does 13 divide 340?
False
Is 410 a multiple of 4?
False
Is 98 a factor of 11270?
True
Is 4560 a multiple of 120?
True
Is 11 a factor of 2970?
True
Is 959 a multiple of 60?
False
Is 72 a multiple of 12?
True
Does 19 divide 248?
False
Is 1569 a multiple of 30?
False
Is 11 a factor of 4642?
True
Is 24832 a multiple of 16?
True
Is 14 a factor of 1129?
False
Is 9 a factor of 333?
True
Does 19 divide 171?
True
Is 740 a multiple of 44?
False
Does 42 divide 22152?
False
Does 73 divide 676?
False
Is 30 a factor of 317?
False
Is 16 a factor of 2867?
False
Is 57420 a multiple of 220?
True
Does 13 divide 6123?
True
Does 9 divide 7011?
True
Is 12 a factor of 157?
False
Is 64 a factor of 14720?
True
Does 45 divide 405?
True
Is 20 a factor of 2960?
True
Does 4 divide 317?
False
Is 9 a factor of 36?
True
Is 5500 a multiple of 33?
False
Does 15 divide 56370?
True
Does 153 divide 9621?
False
Is 23 a factor of 760?
False
Does 2 divide 215?
False
Does 16 divide 352?
True
Is 9614 a multiple of 23?
True
Is 105 a factor of 6825?
True
Is 51 a factor of 1683?
True
Does 14 divide 132?
False
Does 14 divide 794?
False
Is 6027 a multiple of 114?
False
Is 75 a factor of 1575?
True
Is 23 a factor of 77032?
False
Is 40049 a multiple of 118?
False
Is 12 a factor of 8988?
True
Is 4 a factor of 448?
True
Does 12 divide 1507?
False
Is 2884 a multiple of 28?
True
Is 13792 a multiple of 16?
True
Is 50 a multiple of 3?
False
Does 91 divide 6880?
False
Is 82 a multiple of 3?
False
Does 3 divide 60?
True
Is 41 a factor of 420?
False
Is 223 a factor of 10481?
True
Does 18 divide 411?
False
Does 39 divide 31894?
False
Is 87 even?
False
Does 14 divide 8680?
True
Is 104 a factor of 1664?
True
Is 3465 a multiple of 99?
True
Does 6 divide 3384?
True
Is 4002 a multiple of 23?
True
Is 28 a factor of 4704?
True
Is 7 a factor of 1651?
False
Does 17 divide 8738?
True
Is 108 a multiple of 36?
True
Is 94326 a multiple of 233?
False
Is 33840 a multiple of 36?
True
Is 7 a factor of 2253?
False
Is 141 a factor of 4810?
False
Is 122 a multiple of 15?
False
Is 135497 a multiple of 156?
False
Does 13 divide 4343?
False
Is 1905 a multiple of 3?
True
Is 20 a factor of 4980?
True
Is 48800 a multiple of 61?
True
Is 1537 a multiple of 29?
True
Is 345 a multiple of 69?
True
Is 42513 a multiple of 14?
False
Does 4 divide 461?
False
Is 35 a factor of 18690?
True
Is 1145 even?
False
Is 18 a factor of 109764?
True
Is 30 a factor of 11340?
True
Does 67 divide 1474?
True
Is 153 a multiple of 9?
True
Does 9 divide 704?
False
Is 2 a factor of 644?
True
Is 5 a factor of 1710?
True
Is 11 a factor of 341?
True
Is 1065 a multiple of 52?
False
Is 49 a factor of 6664?
True
Is 3 a factor of 249?
True
Is 19 a factor of 38?
True
Does 14 divide 6689?
False
Does 15 divide 435?
True
Is 192 a factor of 44352?
True
Does 176 divide 583?
False
Is 16 a factor of 11968?
True
Is 560 a multiple of 56?
True
Is 96 a factor of 8200?
False
Is 5831 a multiple of 70?
False
Does 13 divide 51792?
True
Is 121 a factor of 2219?
False
Is 34 a multiple of 2?
True
Is 5 a factor of 549?
False
Is 3 a factor of 17658?
True
Is 85 a factor of 37587?
False
Is 70 a factor of 1540?
True
Is 36 a factor of 1332?
True
Does 4 divide 11655?
False
Does 13 divide 24718?
False
Is 13 a factor of 39?
True
Is 39398 a multiple of 19?
False
Is 27 a factor of 7587?
True
Does 30 divide 868?
False
Does 56 divide 1008?
True
Does 78 divide 63024?
True
Is 22094 a multiple of 23?
False
Is 32 a factor of 382?
False
Is 23 a factor of 2150?
False
Is 11 a factor of 9995?
False
Is 617 a multiple of 3?
False
Is 1228 a multiple of 8?
False
Is 4049 a multiple of 10?
False
Is 70 a factor of 770?
True
Is 26797 a multiple of 10?
False
Is 41 a factor of 935?
False
Is 48919 a multiple of 53?
True
Is 38346 a multiple of 83?
True
Is 90 a factor of 1710?
True
Is 10 a factor of 2000?
True
Is 36 a factor of 10118?
False
Does 386 divide 9650?
True
Does 13 divide 5777?
False
Is 1393 a multiple of 62?
False
Does 8 divide 4520?
True
Is 7 a factor of 15798?
False
Does 48 divide 5424?
True
Does 44 divide 19880?
False
Does 24 divide 2728?
False
Does 15 divide 675?
True
Does 7 divide 4176?
False
Does 26 divide 858?
True
Does 30 divide 22226?
False
Is 8 a factor of 472?
True
Is 15600 a multiple of 150?
True
Is 546 a multiple of 39?
True
Is 73 a factor of 2541?
False
Is 44 a factor of 5676?
True
Is 26 a factor of 340?
False
Does 14 divide 7829?
False
Is 29505 a multiple of 15?
True
Is 16 a factor of 1920?
True
Does 57 divide 1114?
False
Is 21 a multiple of 2?
False
Does 3 divide 76?
False
Is 65 a factor of 31990?
False
Is 12826 a multiple of 4?
False
Is 1040 a multiple of 5?
True
Is 1700 a multiple of 20?
True
Is 432 a multiple of 24?
True
Is 53927 a multiple of 28?
False
Is 5025 even?
False
Is 9037 a multiple of 42?
False
Is 6936 a multiple of 34?
True
Is 2318 a multiple of 7?
False
Is 8 a factor of 2408?
True
Does 51 divide 1112?
False
Does 134 divide 6167?
False
Does 153 divide 10251?
True
Is 17 a factor of 1581?
True
Is 148 a factor of 29714?
False
Is 29 a factor of 609?
True
Is 3 a factor of 858?
True
Does 9 divide 17847?
True
Is 144 a multiple of 4?
True
Is 3 a factor of 45?
True
Is 67 a factor of 9580?
False
Is 76 a factor of 5319?
False
Is 1800 a multiple of 40?
True
Is 19968 a multiple of 16?
True
Is 4 a factor of 1148?
True
Does 33 divide 650?
False
Is 11196 a multiple of 18?
True
Is 10 a factor of 751?
False
Does 4 divide 3405?
False
Is 34 a multiple of 3?
False
Is 13 a factor of 12207?
True
Is 2096 a multiple of 61?
False
Is 99675 a multiple of 22?
False
Is 1534 a multiple of 18?
False
Does 4 divide 156?
True
Is 156 a multiple of 21?
False
Is 14 a factor of 1107?
False
Is 2756 a multiple of 52?
True
Does 15 divide 2145?
True
Is 190 a multiple of 16?
False
Does 23 divide 506?
True
Is 88 a factor of 22440?
True
Does 60 divide 5340?
True
Is 8 a factor of 264?
True
Does 34 divide 50388?
True
Is 194 even?
True
Is 78 a factor of 3978?
True
Does 154 divide 8778?
True
Is 1872 a multiple of 48?
True
Is 126375 a multiple of 41?
False
Is 1608 a multiple of 27?
False
Does 105 divide 4502?
False
Does 9 divide 9090?
True
Does 19 divide 8341?
True
Does 87 divide 4102?
False
Is 7 a factor of 70?
True
Is 35 a factor of 1294?
False
Does 13 divide 702?
True
Does 18 divide 3042?
True
Is 79 a factor of 1245?
False
Does 14 divide 21?
False
Is 5114 a multiple of 31?
False
Is 21 a factor of 10915?
False
Does 7 divide 91871?
False
Is 10 a factor of 32209?
False
Is 960 a multiple of 14?
False
Does 8 divide 1583?
False
Does 8 divide 656?
True
Does 43 divide 2021?
True
Is 5 a factor of 1276?
False
Does 8 divide 20569?
False
Is 2164 a multiple of 11?
False
Is 152 a multiple of 19?
True
Is 651 a multiple of 93?
True
Is 9 a factor of 20452?
False
Is 2038 a multiple of 9?
False
Is 153 a multiple of 9?
True
Does 5 divide 233?
False
Is 16 a factor of 1888?
True
Does 20 divide 554?
False
Is 276 a multiple of 12?
True
Is 2096 a multiple of 131?
True
Does 38 divide 2